7 composite?
True
Is 985909 prime?
False
Is 7817 composite?
False
Is 19181 a prime number?
True
Is 57935 a prime number?
False
Is 14681 a prime number?
False
Is 304477 composite?
False
Is 53717 prime?
True
Is 359599 a composite number?
False
Is 1583899 composite?
False
Is 9293 prime?
True
Is 41317 a prime number?
False
Is 119881 prime?
True
Is 39127 prime?
False
Is 3631 prime?
True
Is 318833 a composite number?
False
Is 149869 a prime number?
False
Is 934079 a composite number?
False
Is 4777 a prime number?
False
Is 210631 composite?
False
Is 45523 composite?
False
Is 2293 a prime number?
True
Is 249647 a prime number?
True
Is 1009937 composite?
False
Is 2819 prime?
True
Is 5849 prime?
True
Is 18591 composite?
True
Is 116209 a composite number?
True
Is 86383 prime?
False
Is 150697 a composite number?
False
Is 4135 prime?
False
Is 1635889 composite?
False
Is 3627469 composite?
False
Is 293983 composite?
False
Is 274705 a prime number?
False
Is 152071 prime?
False
Is 159617 a composite number?
False
Is 160255 prime?
False
Is 15727 prime?
True
Is 9727 prime?
False
Is 285937 a composite number?
False
Is 22181 a composite number?
True
Is 6469 composite?
False
Is 1712605 prime?
False
Is 93281 composite?
False
Is 68863 prime?
True
Is 7151 a composite number?
False
Is 6295 prime?
False
Is 1657 composite?
False
Is 27731 prime?
False
Is 8791 composite?
True
Is 7031 prime?
False
Is 3277 composite?
True
Is 81197 a prime number?
True
Is 9649 composite?
False
Is 10487 prime?
True
Is 15599 a prime number?
False
Is 15131 a prime number?
True
Is 89 prime?
True
Is 36383 a composite number?
False
Is 43863 composite?
True
Is 1070659 a composite number?
False
Is 19846 composite?
True
Is 141397 composite?
False
Is 7217 a prime number?
False
Is 125063 a composite number?
False
Is 117123 a composite number?
True
Is 3327 composite?
True
Is 428777 composite?
False
Is 68993 a prime number?
True
Is 7 prime?
True
Is 85843 a composite number?
False
Is 44953 a prime number?
True
Is 5501 a prime number?
True
Is 499853 a prime number?
True
Is 2599813 composite?
False
Is 685 prime?
False
Is 257981 composite?
False
Is 66106 prime?
False
Is 278929 prime?
False
Is 25969 a composite number?
False
Is 639121 composite?
True
Is 319 a composite number?
True
Is 87793 a prime number?
True
Is 388541 prime?
True
Is 1398185 a prime number?
False
Is 51767 composite?
False
Is 943739 composite?
True
Is 547529 composite?
False
Is 2971 composite?
False
Is 11597 a composite number?
False
Is 13963 a prime number?
True
Is 42209 a prime number?
True
Is 4135 a composite number?
True
Is 411457 prime?
False
Is 333163 prime?
False
Is 30161 composite?
False
Is 8659 a prime number?
False
Is 147961 a prime number?
False
Is 5921 prime?
False
Is 24239 a prime number?
True
Is 106441 a composite number?
False
Is 85843 a composite number?
False
Is 9527 a composite number?
True
Is 19181 a prime number?
True
Is 48241 prime?
False
Is 546913 a composite number?
True
Is 1791017 a composite number?
False
Is 284857 composite?
False
Is 1199 prime?
False
Is 199645 prime?
False
Is 956569 a prime number?
True
Is 187751 a prime number?
True
Is 12643 prime?
False
Is 45449 prime?
False
Is 24547 prime?
True
Is 420539 a prime number?
False
Is 265381 a composite number?
False
Is 10033 prime?
False
Is 367797 composite?
True
Is 39187 composite?
True
Is 11369 prime?
True
Is 7621 composite?
False
Is 7873 prime?
True
Is 1064087 composite?
False
Is 4618 prime?
False
Is 109493 prime?
False
Is 232409 composite?
False
Is 127663 prime?
True
Is 22921 a prime number?
True
Is 38189 prime?
True
Is 7039 a prime number?
True
Is 70111 a prime number?
True
Is 889 composite?
True
Is 397673 a composite number?
False
Is 118045 prime?
False
Is 307 a prime number?
True
Is 62461 prime?
False
Is 37397 composite?
False
Is 3958 composite?
True
Is 80479 composite?
True
Is 216157 a prime number?
True
Is 97807 a prime number?
False
Is 1637 a composite number?
False
Is 2521 prime?
True
Is 91079 a prime number?
True
Is 753 a prime number?
False
Is 69749 a composite number?
True
Is 90887 composite?
False
Is 20663 prime?
True
Is 133167 a composite number?
True
Is 556883 composite?
False
Is 1543 composite?
False
Is 39731 a prime number?
False
Is 101501 composite?
False
Is 225427 a prime number?
True
Is 448271 a composite number?
True
Is 89189 composite?
False
Is 977 a composite number?
False
Is 15659 a prime number?
False
Is 392141 a prime number?
False
Is 98491 a prime number?
True
Is 591667 prime?
False
Is 168599 composite?
False
Is 10639 a prime number?
True
Is 40453 composite?
True
Is 67543 a composite number?
True
Is 746411 a composite number?
False
Is 929 composite?
False
Is 85513 a composite number?
False
Is 971 composite?
False
Is 314693 a composite number?
False
Is 4271 composite?
False
Is 719 composite?
False
Is 739099 composite?
False
Is 2529353 a composite number?
True
Is 1256954 a prime number?
False
Is 724309 a composite number?
False
Is 226585 composite?
True
Is 55787 a prime number?
True
Is 64133 prime?
False
Is 576013 prime?
True
Is 677 composite?
False
Is 553381 a composite number?
True
Is 107443 prime?
False
Is 63517 prime?
False
Is 101677 a prime number?
False
Is 13537 a prime number?
True
Is 138283 composite?
False
Is 4499 a composite number?
True
Is 30541 a composite number?
True
Is 214831 prime?
True
Is 1087 a composite number?
False
Is 15859 a prime number?
True
Is 10361 prime?
False
Is 29753 a composite number?
False
Is 94051 prime?
False
Is 514643 a prime number?
True
Is 3413 a composite number?
False
Is 26665 prime?
False
Is 143137 a composite number?
False
Is 4049 a prime number?
True
Is 337105 a composite number?
True
Is 25577 composite?
False
Is 88823 prime?
False
Is 11359 prime?
False
Is 286259 prime?
False
Is 3137 prime?
True
Is 204829 a prime number?
False
Is 5669 a prime number?
True
Is 84179 composite?
False
Is 6701 a prime number?
True
Is 13577 a prime number?
True
Is 3033035 composite?
True
Is 978449 a prime number?
True
Is 178937 a prime number?
False
Is 260111 prime?
True
Is 168565 prime?
False
Is 4028987 a prime number?
True
Is 502779 a prime number?
False
Is 623901 a composite number?
True
Is 22993 a prime number?
True
Is 143 prime?
False
Is 4461753 a composite number?
True
Is 158759 composite?
False
Is 115033 composite?
True
Is 55222 a composite number?
True
Is 81271 a prime number?
False
Is 80893 a composite number?
True
Is 132229 composite?
False
Is 3593 a composite number?
False
Is 32603 a composite number?
False
Is 6433 a prime number?
False
Is 9509 a prime number?
False
Is 956831 prime?
True
Is 85009 a prime number?
True
Is 333815 a prime number?
False
Is 12191 a prime number?
False
Is 658049 a composite number?
True
Is 736111 composite?
False
Is 13553 a composite number?
False
Is 638643 a prime number?
False
Is 40543 composite?
False
Is 14026 composite?
True
Is 15321 composite?
True
Is 5731 a composite number?
True
Is 510863 a prime number?
False
Is 273109 a prime number?
False
Is 25937 composite?
True
Is 5981 composite?
False
Is 711845 a composite number?
True
Is 1203281 prime?
False
Is 77071 a composite number?
True
Is 196465 prime?
False
Is 7751 prime?
False
Is 7615 a composite number?
True
Is 121921 a prime number?
True
Is 29105 a composite number?
True
Is 2092393 prime?
False
Is 43871 prime?
False
Is 3649 a prime number?
False
Is 389621 a composite number?
False
Is 150151 a composite number?
False
Is 321119 a composite number?
True
Is 36539 prime?
False
Is 9527 a prime number?
False
Is 631 composite?
False
Is 3305 a prime number?
False
Is 4637 a prime number?
True
Is 6159 a composite number?
True
Is 175667 a prime number?
False
Is 42469 a prime number?
False
Is 13235 composite?
True
Is 1913313 a composite number?
True
Is 7271 a composite number?
True
Is 19847 composite?
True
Is 33665 composite?
True
Is 861065 a composite number?
True
Is 382454 a prime number?
False
Is 81537 a composite number?
True
Is 1759 a composite number?
False
Is 1319131 a composite number?
True
Is 87479 prime?
False
Is 221297 a prime number?
False
Is 29255 a composite number?
True
Is 760423 prime?
True
Is 253577 a composite number?
True
Is 109294 prime?
False
Is 62201 composite?
False
Is 4721 prime?
True
Is 5201855 composite?
True
